+ 7. What is p(c)?
0
Suppose -3*u - 3*f = u - 140, -2*u + 2*f = -70. Suppose 2*p = 5*h - 15, -4*h - 5*p + u = -2*p. Let m(v) = 2*v - 6. Give m(h).
4
Suppose 3*r + 9 = 4*m, 0*r + 5 = m + 2*r. Suppose -m*w - o - 8 = 2*w, -17 = 5*w + 4*o. Let d(b) = 7*b**2 + 2 - 2 + b. Give d(w).
6
Let i be 0 + 1 + 3/(-1). Let t(g) be the second derivative of -g**3/6 - 9*g. Let v(h) = 6*h. Let n(c) = -11*t(c) - 2*v(c). Determine n(i).
2
Let v(l) be the third derivative of l**4/24 + 7*l**3/3 - 2*l**2. Suppose 10 = -5*m + 25. Suppose 4*k + 49 = -5*f + 15, -m*k + 27 = -5*f. What is v(f)?
8
Let y(j) be the second derivative of -3*j**4/4 - j**3/2 - j**2/2 - 574*j. Determine y(-3).
-73
Suppose 0 = 15*r + 16*r + 155. Let u(o) be the second derivative of -o**4/12 - o**3 + o**2 - o. What is u(r)?
7
Let n(q) = q**3 + 2*q**2 + q - 1. Let i(w) = 5*w + 52. Let f be ((-28)/(-21))/(-2 - 28/(-15)). Let u be i(f). Give n(u).
17
Let q = -11 - -12. Let o be (3 + 1)*q/2. Suppose -15 = -b + 5*n, -o*b - n - 3 = -0*n. Let i(k) = -k**2 - k + 9. Give i(b).
9
Let u(v) = -8*v**2 - 38*v - 15. Let i(h) = 3*h**2 + 14*h + 5. Let a(f) = 11*i(f) + 4*u(f). Let j(r) = r**3 + 7*r**2 + 7*r. Let o be j(-6). Determine a(o).
19
Let p(v) = -844 + 843 + v - 5*v**3 + 2*v**3. Let y be p(1). Let s(j) = -2*j - 3. Determine s(y).
3
Let j(i) be the first derivative of i**3/3 - 4*i**2 - 5*i - 96. Determine j(7).
-12
Let x(w) = -2*w**2 - 1. Let d(b) = b**3 - 35*b**2 + 19*b + 18. Let l(o) = d(o) - 7*x(o). Calculate l(20).
5
Let y(p) = -p**3 - 5*p**2 + 8*p + 8. Let f(o) = 6*o**2 + 3*o + 3. Let c be f(-2). Suppose 5 = -m + 4*v - 13, v + c = -4*m. Give y(m).
-4
Let y = 7 + -5. Let s(p) = -p**3 - 2*p**2 + 5*p + 4. Let g(m) = m**3 + 3*m**2 - 6*m - 5. Let d(j) = 5*g(j) + 6*s(j). Determine d(y).
3
Let i(j) = -j**2 + 5*j - 4. Let c be (-13 + 11)*(-1)/(-2)*-5. Calculate i(c).
-4
Let g(h) be the first derivative of h**3/3 - 4*h**2 + 3*h - 6. Suppose -12 = -3*q + 3*d, 0 = 2*q - q + 5*d - 10. Determine g(q).
-12
Let i(h) = -11 + h - 2*h - 7 - 12 + 23. Calculate i(-10).
3
Let f be 39/(-7) + (-177)/413. Let q(n) = n**3 + 6*n**2 - 2*n. What is q(f)?
12
Let g(y) be the third derivative of y**6/120 - 17*y**5/60 - 19*y**4/24 + 2*y**3 + 336*y**2. Calculate g(18).
-6
Let r(f) be the second derivative of f**4/12 - 7*f**3/6 - f**2 + f. Calculate r(5).
-12
Let d(b) = -1 + b**2 + 0*b + 2*b - 1. Suppose -36 = -4*n - n - 4*s, 8 = -n + 3*s. Suppose 0 = f - n*t + 2*t - 10, 2*t = -8. Calculate d(f).
6
Let b(n) = -n**2 + n - 1. Let j(w) = 6*w**2 - w. Let q(v) = -2*b(v) - j(v). What is q(4)?
-66
Let l(h) = -3*h - 4. Let p be l(4). Let t(b) = b**3 + 15*b**2 - 15*b + 10. Calculate t(p).
-6
Let b be 4/(-1 - 1) - -9. Let m(h) = 5*h**3 + h**2 - h - 1. Let i(t) = 9*t**3 + 10*t**2 - 7*t - 11. Let l(k) = -i(k) + 2*m(k). What is l(b)?
-5
Let s(f) = -f**3 - 16*f**2 - 16*f - 21. Let t(a) = 6*a - 81. Let g be t(11). Give s(g).
-6
Let n = 181 - 177. Let d(r) = r**2 - 8*r + 10. Determine d(n).
-6
Let s(q) = q + 1. Let k = -29 + 29. Suppose 3*l + z + 7 = k, l + 4*z = 6*z. Give s(l).
-1
Let w be 4 - 0/(-2 - -3). Let k be w/(-4) + 2 - -1. Let q(d) = 3*d + 7*d**2 - 6*d**3 - k*d - 3*d**2 - 2*d**2. What is q(-1)?
7
Let q(u) = -4*u + 7. Suppose 3*x - 7*c - 31 = -3*c, 5*x - 5*c - 45 = 0. Determine q(x).
-13
Let w(l) = 4*l + 2. Let r = 997 - 990. Give w(r).
30
Let p(n) be the third derivative of -n**5/60 - 11*n**4/24 - n**3 + 3*n**2 + 4*n. What is p(-10)?
4
Let c(l) = 9*l**2 + 1. Let n = 242 + -241. What is c(n)?
10
Let a(l) be the second derivative of -l**6/120 + l**5/15 - l**4/24 + l**3/3 - 3*l**2/2 + 5*l. Let g(v) be the first derivative of a(v). Calculate g(4).
-2
Let r(v) be the third derivative of -v**4/8 + 25*v**3/6 + 38*v**2 + v. What is r(11)?
-8
Suppose -10*s + 70 + 30 = 0. Let p(c) = -c**3 + 10*c**2 + 8. Calculate p(s).
8
Let g(w) = -w**3 + 11*w**2 - 9*w + 4. Let i be ((3 - 3) + 6)/(2/5). Let a be (i/2)/(21/(-196)*-7). Determine g(a).
14
Let r(t) be the second derivative of 0 - 6*t**2 - 1/6*t**3 + 8*t + 1/12*t**4. Let p = -14 - -14. Determine r(p).
-12
Suppose -3*p = -2*n - 23 - 4, p = 4*n + 29. Let s be (-6)/(-4)*(-14)/(-3). Let b(v) = 0*v - 5*v**2 - s - 30*v**3 + 29*v**3 + 6*v. Calculate b(n).
-7
Suppose 11*p = 3*p - 16. Suppose -2*o - o = -42. Let r(d) = -3 + o*d**2 - 2*d - 12*d**2 - d. Determine r(p).
11
Let v(b) = b**2 + 3*b - 9. Suppose 23*s + 91 = -70. Determine v(s).
19
Let r be (2 + 0/(-3))*1. Let i(a) = -16*a**r + a**3 + 3 - 4 + 10*a**2 - 6*a. What is i(7)?
6
Let g(d) be the third derivative of -d**4/24 - 3*d**3/2 - 139*d**2. What is g(-9)?
0
Suppose -1 = -y - a, -8*y - 4*a = -3*y - 7. Let g(h) = -6*h - 2*h**2 + 6 - 4 + y*h. What is g(-3)?
-7
Let d(x) = 2*x. Let k be (-2)/(-8) - (0 - (-56)/(-32)). Let b(p) = -p. Let n be b(-2). Suppose -n*c + 4*h + 0*h = 14, 0 = -h + k. Give d(c).
-6
Let n(c) = 5*c + 5. Let y(o) = -5*o - 5. Let i(d) = -3*n(d) - 2*y(d). Calculate i(-2).
5
Let l = -49 + 53. Let z(x) = -2*x + 2*x**3 + 4*x**3 + l*x**3 - 3 - 9*x**3. Calculate z(3).
18
Let l = -12 - -27. Let w = l + -5. Suppose 4*b + b - w = 0. Let m(q) = 2*q**2 + 2*q - 2. Determine m(b).
10
Let p(s) = 6*s + 27. Let y be p(-4). Let f(d) = -3*d + 4*d**3 - 6*d**y + d**3 - 5*d**2. Give f(-3).
-9
Let v(l) = 2*l**2 - 13*l - 44. Let s be v(9). Let h(y) = 53*y**2 + 9*y - 2. Let r(n) = -26*n**2 - 4*n + 1. Let m(t) = -3*h(t) - 7*r(t). Determine m(s).
23
Let q = 14 - 12. Suppose q*v = -3*v. Let d(h) = h + 10. Calculate d(v).
10
Let x = -8 - -2. Let d(z) = 2*z**2 + 7 + 678964*z - z**2 - 678958*z. Give d(x).
7
Let z(j) = -4 + 1 + j + 1. Let q be 6/21 - ((-768)/14)/(-3). Let u be (-315)/q*4/10. Calculate z(u).
5
Let m(y) = 2*y + 4. Let c(s) = -s**3 + 8*s**2 - 8*s + 9. Let i be c(7). Let w(n) = -6*n - 11. Let q(p) = i*w(p) + 7*m(p). Suppose -2*b - 20 = 2*b. Give q(b).
-4
Let g be 4 + (-3 + 0)*-1. Suppose 2*v + g*v = 0. Let y(f) = f + 4. Determine y(v).
4
Let q(h) be the first derivative of -h**3/3 + 2*h**2 + 10*h + 112. Determine q(8).
-22
Suppose 0 = -4*a + 6 + 2. Let m(w) be the second derivative of -3*w**5/20 + w**4/6 - w**3/2 + w**2 + w - 64. Calculate m(a).
-20
Let u(p) be the first derivative of p**3/3 + 3*p**2 + 10*p - 15. What is u(-4)?
2
Let f(a) = -8*a**3 - a + 1. Let r = -35 + 36. Give f(r).
-8
Suppose 8*f = 11*f + 9. Let a(x) = -x - 4*x + 3 + 3*x + 4*x. What is a(f)?
-3
Let h(l) = -3 - 807*l**2 - 7*l - 6 + 808*l**2. Give h(8).
-1
Suppose 5*n - 4*s + 8 + 68 = 0, -5*s - 21 = n. Let c(v) = 3*v + 40. Determine c(n).
-8
Let x = -1438 - -1440. Let y(z) = -18*z - 3. Determine y(x).
-39
Let y be 39/(-6)*(-4)/2. Let s(f) = 1 - 3 + 26*f - 25*f + y. Give s(0).
11
Let d(r) = 9*r**2 - 21*r + 8. Let k(f) = 5*f**2 - 11*f + 4. Let o(g) = 3*d(g) - 5*k(g). Calculate o(6).
28
Let g(z) = z**2 - 8*z + 10. Let u(q) = -17*q**2 + 290*q - 9. Let o be u(17). Determine g(o).
10
Suppose 2*w = -0*w. Suppose w = -g + 5*g - 32. Let r(d) = 3*d + 7. Let y(o) = 7*o + 14. Let l(f) = 9*r(f) - 4*y(f). Determine l(g).
-1
Let z(r) be the first derivative of -r**4/4 + 4*r**3/3 + r**2/2 - 7*r - 55. Give z(5).
-27
Let y(v) be the third derivative of v**5/40 - 2*v**3 - 3*v**2. Let w(h) be the first derivative of y(h). What is w(-2)?
-6
Let z = 45 - 38. Let a = 4 - 1. Let s(d) = d**2 - 10*d + 10. Let h(t) = -t**2 + 11*t - 11. Let n(y) = a*s(y) + 2*h(y). Calculate n(z).
1
Let v(m) = m**2 + m - 19. Let r(w) = -3*w**2 - 12*w + 80. Let z(f) = r(f) + 4*v(f). What is z(7)?
-3
Let h(b) = b**3 + 10*b**2 + 2*b - 4. Suppose 11*x + 866 = 756. Determine h(x).
-24
Let f(y) = y**3 - 9*y**2 + 17*y - 18. Let g be f(7). Let r(n) = 2*n**3 - 2*n**2 - 3*n - 2. Give r(g).
25
Let a(n) = -n + 3. Suppose -4*v - 4*o - 16 = 0, -2 = -4*v + 2*o + 6. Give a(v).
3
Let d(y) = y**3 + 2*y**2 + 2*y - 3. Let p be 1 - -1*(-8)/(-8). Determine d(p).
17
Let t(u) be the second derivative of -u**4/6 + u**3/3 - u**2/2 + u. Let p(s) = 0*s**2 + 294*s - 10 - 293*s + s**2. Let j be p(3). Determine t(j).
-5
Let b = 112 + -110. Let s(u) = -18*u + 7. What is s(b)?
-29
Let u(c) = -2*c**2 + 3*c + 47. Let h(v) = -3*v**2 + 6*v + 95. Let n(x) = -3*h(x) + 5*u(x). Let p(r) be the first derivative of n(r). What is p(2)?
-7
Suppose -4*u + 14 + 10 = 0. Suppose 0 = -8*r + 13 - 5. Let i(l) = -l**2 + 9*l - 3. Let q(t) = t - 1. Let d(j) = r*i(j) - 4*q(j). Give d(u).
-5
